{"id":232,"date":"2023-11-22T22:23:53","date_gmt":"2023-11-22T22:23:53","guid":{"rendered":"https:\/\/swissinfluenceracademy.ch\/?page_id=232"},"modified":"2023-11-24T20:05:50","modified_gmt":"2023-11-24T20:05:50","slug":"influencer-professionell","status":"publish","type":"page","link":"https:\/\/swissinfluenceracademy.ch\/index.php\/influencer-professionell\/","title":{"rendered":"Influencer Professionell"},"content":{"rendered":"\n<ul class=\"wp-block-list\">\n<li>Wie kann ich meine Reichweite weiter aufbauen?<\/li>\n\n\n\n<li>Wie finde ich Kooperationen mit anderen Influencern?<\/li>\n\n\n\n<li>Wie funktioniert die Werbewirtschaft?<\/li>\n\n\n\n<li>Wie sieht der Markt f\u00fcr Influencer aus?<\/li>\n\n\n\n<li>Was gibt es f\u00fcr Verdienstm\u00f6glichkeiten f\u00fcr Influencer?<\/li>\n\n\n\n<li>Wie kann ich meine Social Media Kan\u00e4le vermarkten?<\/li>\n\n\n\n<li>Was f\u00fcr Preise kann ich f\u00fcr Werbung verlangen?<\/li>\n\n\n\n<li>Welche rechtlichen Aspekte muss ich beachten?<\/li>\n\n\n\n<li>Ben\u00f6tige ich ein Gewerbe, um als Influencer t\u00e4tig zu sein?<\/li>\n\n\n\n<li>Muss ich eine Buchhaltung f\u00fchren und Steuern bezahlen?<\/li>\n<\/ul>\n","protected":false},"excerpt":{"rendered":"","protected":false},"author":1,"featured_media":0,"parent":0,"menu_order":0,"comment_status":"closed","ping_status":"closed","template":"","meta":{"_monsterinsights_skip_tracking":false,"_monsterinsights_sitenote_active":false,"_monsterinsights_sitenote_note":"","_monsterinsights_sitenote_category":0,"footnotes":""},"class_list":["post-232","page","type-page","status-publish","hentry","latest_post"],"aioseo_notices":[],"_links":{"self":[{"href":"https:\/\/swissinfluenceracademy.ch\/index.php\/wp-json\/wp\/v2\/pages\/232","targetHints":{"allow":["GET"]}}],"collection":[{"href":"https:\/\/swissinfluenceracademy.ch\/index.php\/wp-json\/wp\/v2\/pages"}],"about":[{"href":"https:\/\/swissinfluenceracademy.ch\/index.php\/wp-json\/wp\/v2\/types\/page"}],"author":[{"embeddable":true,"href":"https:\/\/swissinfluenceracademy.ch\/index.php\/wp-json\/wp\/v2\/users\/1"}],"replies":[{"embeddable":true,"href":"https:\/\/swissinfluenceracademy.ch\/index.php\/wp-json\/wp\/v2\/comments?post=232"}],"version-history":[{"count":1,"href":"https:\/\/swissinfluenceracademy.ch\/index.php\/wp-json\/wp\/v2\/pages\/232\/revisions"}],"predecessor-version":[{"id":233,"href":"https:\/\/swissinfluenceracademy.ch\/index.php\/wp-json\/wp\/v2\/pages\/232\/revisions\/233"}],"wp:attachment":[{"href":"https:\/\/swissinfluenceracademy.ch\/index.php\/wp-json\/wp\/v2\/media?parent=232"}],"curies":[{"name":"wp","href":"https:\/\/api.w.org\/{rel}","templated":true}]}}